{"id":1207,"date":"2020-10-20T12:36:34","date_gmt":"2020-10-20T12:36:34","guid":{"rendered":"http:\/\/krupunder-park.com\/?page_id=1207"},"modified":"2026-04-01T06:39:18","modified_gmt":"2026-04-01T06:39:18","slug":"speisen-ausser-haus","status":"publish","type":"page","link":"https:\/\/krupunder-park.com\/?page_id=1207","title":{"rendered":"Speisekarte au\u00dfer Haus ab Januar 2026- Neue \u00d6ffnungszeiten"},"content":{"rendered":"\n<h2><\/h2>\n\n\n\n<h2>Montag bis Freitag ab 17:00 Uhr bis 21:00 Uhr  <\/h2>\n\n\n\n<h2>Samstag und Sonntag Ruhetag- Gern \u00f6ffnen wir am Wochenende f\u00fcr Ihre Veranstaltung <\/h2>\n\n\n\n<p><\/p>\n\n\n\n<p>Wenn Sie Gerichte aus unserer Speisekarte zum mitnehemen m\u00f6chten, bitten wir Sie geeignete Gef\u00e4\u00dfe mit zu bringen.<\/p>\n\n\n\n<p><strong>Fisch <\/strong><\/p>\n\n\n\n<p>Hamburger Pannfisch I Senfsauce I Bacon I R\u00f6stzwiebel Bratkartoffeln I Gurkensalat \u20ac 22,50<\/p>\n\n\n\n<p><strong>Fleisch<\/strong><\/p>\n\n\n\n<p>Metzger Currywurst I Pommes Frites \u20ac 10,70<\/p>\n\n\n\n<p>Schnitzel vom Schwein I Pilzsauce I Bratkartoffeln I &nbsp;gemischter Salat \u20ac 21,50<\/p>\n\n\n\n<p>Caesar Salad I H\u00e4hnchenbrust I Parmesan I Cro\u00fbtons \u20ac 16,90<\/p>\n\n\n\n<p>Burger Deluxe I Pommes Frites \u20ac 17,90<\/p>\n\n\n\n<p>Roastbeef, kalt I Remouladensauce &nbsp;I Bratkartoffeln I gemischter Salat \u20ac 22,50<\/p>\n\n\n\n<p><strong>Kindergericht<\/strong><\/p>\n\n\n\n<p>Kinderschnitzel vom Schwein I Pommes Frites \u20ac 9,50<\/p>\n\n\n\n<p>Chicken Nuggets I Pommes Frites \u20ac 9,50<\/p>\n\n\n\n<p><strong>Vegetarisch<\/strong><\/p>\n\n\n\n<p>Caesar Salad I Kirschtomaten I Walnusskerne I Parmesan I Cro\u00fbtons \u00a0\u20ac 14,50<\/p>\n\n\n\n<p>&nbsp;&nbsp;&nbsp;&nbsp;&nbsp;&nbsp;&nbsp;&nbsp;&nbsp;&nbsp;&nbsp;&nbsp; &nbsp;&nbsp;&nbsp;&nbsp;&nbsp;&nbsp;&nbsp;&nbsp;&nbsp;&nbsp;&nbsp;&nbsp;&nbsp;&nbsp;&nbsp;&nbsp;&nbsp;&nbsp;&nbsp;&nbsp;&nbsp;&nbsp; &nbsp;&nbsp;&nbsp;&nbsp; &nbsp;<\/p>\n\n\n\n<p><strong>Bestellen Sie unter der Telefonnummer 04101 \/ 39190.<\/strong><\/p>\n\n\n\n<p><\/p>\n","protected":false},"excerpt":{"rendered":"<p>Montag bis Freitag ab 17:00 Uhr bis 21:00 Uhr Samstag und Sonntag Ruhetag- Gern \u00f6ffnen wir am Wochenende f\u00fcr Ihre&#8230;<\/p>\n","protected":false},"author":3,"featured_media":0,"parent":11,"menu_order":0,"comment_status":"closed","ping_status":"closed","template":"","meta":[],"_links":{"self":[{"href":"https:\/\/krupunder-park.com\/index.php?rest_route=\/wp\/v2\/pages\/1207"}],"collection":[{"href":"https:\/\/krupunder-park.com\/index.php?rest_route=\/wp\/v2\/pages"}],"about":[{"href":"https:\/\/krupunder-park.com\/index.php?rest_route=\/wp\/v2\/types\/page"}],"author":[{"embeddable":true,"href":"https:\/\/krupunder-park.com\/index.php?rest_route=\/wp\/v2\/users\/3"}],"replies":[{"embeddable":true,"href":"https:\/\/krupunder-park.com\/index.php?rest_route=%2Fwp%2Fv2%2Fcomments&post=1207"}],"version-history":[{"count":79,"href":"https:\/\/krupunder-park.com\/index.php?rest_route=\/wp\/v2\/pages\/1207\/revisions"}],"predecessor-version":[{"id":1736,"href":"https:\/\/krupunder-park.com\/index.php?rest_route=\/wp\/v2\/pages\/1207\/revisions\/1736"}],"up":[{"embeddable":true,"href":"https:\/\/krupunder-park.com\/index.php?rest_route=\/wp\/v2\/pages\/11"}],"wp:attachment":[{"href":"https:\/\/krupunder-park.com\/index.php?rest_route=%2Fwp%2Fv2%2Fmedia&parent=1207"}],"curies":[{"name":"wp","href":"https:\/\/api.w.org\/{rel}","templated":true}]}}