{"id":31,"date":"2014-05-04T13:28:24","date_gmt":"2014-05-04T11:28:24","guid":{"rendered":"http:\/\/kp.daisy-software.com\/?page_id=31"},"modified":"2021-10-22T09:41:09","modified_gmt":"2021-10-22T09:41:09","slug":"news","status":"publish","type":"page","link":"https:\/\/krupunder-park.com\/?page_id=31","title":{"rendered":"News"},"content":{"rendered":"\n<p><\/p>\n\n\n\n<p> <\/p>\n\n\n\n<p><\/p>\n\n\n\n<p>Gern k\u00f6nnen Sie sich jedezeit R\u00e4ume f\u00fcr Ihre Veranstaltungen anschauen  und sich bei uns informeren.<\/p>\n\n\n\n<p>Wir freuen uns auch \u00fcber Ihre Bestllung von Speisen au\u00dfer Haus. Schauen Sie doch einmal auf die Au\u00dfer Haus Seite.<\/p>\n\n\n\n<p><\/p>\n\n\n\n<p>Es warten noch viele andere spannende kulinarische \u00dcberraschungen auf Sie. Lassen Sie sich von uns den kulinarischen Kalender senden!<\/p>\n\n\n\n<p>Reservieren Sie sich schnell einen Platz oder Speisen unter der Rufnummer 04101 39190. <\/p>\n\n\n\n<p><\/p>\n\n\n\n<p><\/p>\n","protected":false},"excerpt":{"rendered":"<p>Gern k\u00f6nnen Sie sich jedezeit R\u00e4ume f\u00fcr Ihre Veranstaltungen anschauen und sich bei uns informeren. Wir freuen uns auch \u00fcber&#8230;<\/p>\n","protected":false},"author":5,"featured_media":0,"parent":0,"menu_order":0,"comment_status":"open","ping_status":"closed","template":"page-sidebar.php","meta":[],"_links":{"self":[{"href":"https:\/\/krupunder-park.com\/index.php?rest_route=\/wp\/v2\/pages\/31"}],"collection":[{"href":"https:\/\/krupunder-park.com\/index.php?rest_route=\/wp\/v2\/pages"}],"about":[{"href":"https:\/\/krupunder-park.com\/index.php?rest_route=\/wp\/v2\/types\/page"}],"author":[{"embeddable":true,"href":"https:\/\/krupunder-park.com\/index.php?rest_route=\/wp\/v2\/users\/5"}],"replies":[{"embeddable":true,"href":"https:\/\/krupunder-park.com\/index.php?rest_route=%2Fwp%2Fv2%2Fcomments&post=31"}],"version-history":[{"count":12,"href":"https:\/\/krupunder-park.com\/index.php?rest_route=\/wp\/v2\/pages\/31\/revisions"}],"predecessor-version":[{"id":1377,"href":"https:\/\/krupunder-park.com\/index.php?rest_route=\/wp\/v2\/pages\/31\/revisions\/1377"}],"wp:attachment":[{"href":"https:\/\/krupunder-park.com\/index.php?rest_route=%2Fwp%2Fv2%2Fmedia&parent=31"}],"curies":[{"name":"wp","href":"https:\/\/api.w.org\/{rel}","templated":true}]}}